e
Does 96 divide 83632089?
False
Is 1643710024 a multiple of 62?
True
Does 2603 divide 105728420?
False
Is 1243117138 a multiple of 21?
False
Does 35 divide 203301620?
False
Is 28795871 a multiple of 26?
False
Does 46 divide 25819819?
False
Is 50462265 a multiple of 5?
True
Is 1846 a factor of 217229878?
False
Is 2627 a factor of 5621780?
True
Does 45 divide 9072643?
False
Is 33 a factor of 81070341?
True
Does 745 divide 61482615?
True
Is 3 a factor of 19267188?
True
Does 980 divide 1233650460?
True
Is 163568101 a multiple of 397?
False
Is 117796382 a multiple of 311?
False
Is 16 a factor of 355222944?
True
Is 8 a factor of 346369971?
False
Is 20 a factor of 86547600?
True
Does 474 divide 794092680?
False
Is 497 a factor of 4401110938?
True
Is 74140622 a multiple of 35?
False
Is 146 a factor of 791440888?
True
Is 23003309 a multiple of 2353?
False
Does 15 divide 176572903?
False
Is 4673793 a multiple of 80?
False
Does 686 divide 867140358?
True
Is 74 a factor of 552519549?
False
Does 1776 divide 48854208?
True
Is 1094 a factor of 22968882?
False
Does 78 divide 6187116?
True
Is 6239600 a multiple of 76?
True
Is 177 a factor of 431413605?
True
Does 8 divide 661690157?
False
Does 53 divide 1103725?
True
Is 29073128 a multiple of 34?
True
Does 8 divide 3742844720?
True
Is 550 a factor of 23258950?
True
Is 85 a factor of 217306409?
False
Is 934 a factor of 3017105?
False
Is 3069 a factor of 63147859?
False
Is 61 a factor of 71111482?
True
Is 6 a factor of 155884815?
False
Is 14 a factor of 2475379872?
True
Does 9 divide 54133497?
True
Is 61016424 a multiple of 46?
True
Is 31229280 a multiple of 45?
True
Is 9064 a factor of 1602397961?
False
Does 364 divide 784509908?
True
Is 1473447744 a multiple of 188?
True
Is 95 a factor of 19541580?
False
Is 1705381938 a multiple of 13?
True
Does 3070 divide 3300250?
True
Is 57 a factor of 93568682?
False
Is 132707444 a multiple of 123?
False
Does 34 divide 336368698?
True
Is 421312646 a multiple of 5315?
False
Does 764 divide 903677536?
True
Does 330 divide 641600520?
True
Is 99 a factor of 60965586?
True
Does 20 divide 2060629052?
False
Is 10 a factor of 5301173?
False
Does 86 divide 1951684?
True
Does 1402 divide 360906444?
False
Does 59 divide 257873946?
False
Does 21 divide 1832203779?
True
Is 68 a factor of 7064996?
True
Is 4849540 a multiple of 4?
True
Is 23996364 a multiple of 8?
False
Does 12 divide 674870808?
True
Is 75 a factor of 1553174905?
False
Does 410 divide 89419360?
True
Is 182 a factor of 2019482930?
False
Is 908516847 a multiple of 77?
False
Is 311 a factor of 77308069?
True
Does 163 divide 435958807?
False
Does 3408 divide 97075495?
False
Is 96450749 a multiple of 4?
False
Is 53 a factor of 4648287143?
True
Does 19 divide 2287916578?
True
Does 32 divide 5239104?
True
Is 112979649 a multiple of 2?
False
Is 288 a factor of 180645870?
False
Is 3076147377 a multiple of 723?
True
Is 856 a factor of 85956096?
True
Is 45275118 a multiple of 22?
False
Does 19 divide 218032733?
True
Is 18031998 a multiple of 1389?
True
Is 1451 a factor of 57445367?
False
Is 12 a factor of 168424967?
False
Is 8592 a factor of 856003776?
True
Is 96536181 a multiple of 7?
True
Is 47113194 a multiple of 16?
False
Is 17252427 a multiple of 23?
False
Is 283 a factor of 63538311?
True
Does 114 divide 171982190?
False
Does 1150 divide 138398261?
False
Does 7 divide 401856?
True
Is 1638 a factor of 2570960072?
False
Is 45875322 a multiple of 3763?
False
Does 20 divide 468118695?
False
Is 55622808 a multiple of 24?
True
Is 531 a factor of 3756753846?
True
Is 575529490 a multiple of 149?
False
Does 17 divide 159991548?
False
Does 156 divide 4221452?
False
Is 33122694 a multiple of 40?
False
Is 79055254 a multiple of 4?
False
Is 34 a factor of 1313938?
False
Is 691 a factor of 30395017?
True
Does 926 divide 5475005558?
True
Is 3288 a factor of 145906972?
False
Is 17482344 a multiple of 132?
True
Is 18 a factor of 53577908?
False
Is 76 a factor of 3926190932?
True
Does 7 divide 3901424?
False
Is 404 a factor of 27339892?
True
Does 199 divide 2011953481?
True
Is 555 a factor of 576434440?
False
Is 62 a factor of 35873944?
True
Is 10 a factor of 193024902?
False
Does 22 divide 65043000?
True
Is 5 a factor of 405058295?
True
Is 24026488 a multiple of 19?
True
Does 12 divide 39686244?
True
Does 46 divide 22850438?
False
Is 106363230 a multiple of 521?
False
Does 56 divide 5190587?
False
Is 91990068 a multiple of 64?
False
Is 8985249 a multiple of 1317?
False
Is 22389563 a multiple of 1077?
False
Is 4 a factor of 611509740?
True
Does 13 divide 352265040?
False
Is 27790307 a multiple of 2097?
False
Is 1026 a factor of 1958349798?
True
Is 202431195 a multiple of 921?
True
Does 9 divide 10262700?
True
Is 36775068 a multiple of 27?
False
Is 539 a factor of 44589259?
False
Does 474 divide 800566566?
True
Does 135 divide 15321420?
True
Does 137 divide 466140308?
True
Is 428 a factor of 32278829?
False
Does 83 divide 81091996?
True
Is 24 a factor of 496111?
False
Is 43 a factor of 27636286?
False
Is 2 a factor of 9523953?
False
Is 716798330 a multiple of 11?
False
Is 4441 a factor of 145162873?
False
Does 253 divide 415413077?
False
Does 4 divide 105740084?
True
Does 1372 divide 9003108?
False
Is 1133 a factor of 137073922?
False
Is 427645771 a multiple of 393?
False
Is 29938370 a multiple of 118?
True
Does 3312 divide 55623842?
False
Is 83 a factor of 79020712?
False
Does 240 divide 15641325?
False
Does 115 divide 903318193?
False
Does 2140 divide 5679994615?
False
Is 47477535 a multiple of 105?
True
Is 1224215832 a multiple of 24?
True
Is 6181 a factor of 106088565?
False
Is 1070 a factor of 2073490940?
True
Does 7 divide 41530867?
True
Is 297015423 a multiple of 74?
False
Is 272150003 a multiple of 769?
False
Does 1080 divide 89346583?
False
Does 490 divide 1345261680?
True
Does 23 divide 10433329?
True
Is 1932262 a multiple of 671?
False
Is 42 a factor of 46119738?
True
Is 461 a factor of 16107319?
False
Does 1329 divide 2062605342?
True
Is 8 a factor of 196687920?
True
Is 121 a factor of 63086738?
True
Is 1014 a factor of 269015985?
False
Does 112 divide 3080081088?
True
Is 26381274 a multiple of 1239?
False
Is 85305611 a multiple of 5?
False
Does 3644 divide 344150936?
False
Is 2649088 a multiple of 3184?
True
Is 10320 a factor of 1521426000?
True
Does 17 divide 63839025?
False
Is 2148 a factor of 648844672?
False
Is 40 a factor of 3238045?
False
Is 264816929 a multiple of 13?
True
Is 4850 a factor of 7723534452?
False
Is 396 a factor of 1826526636?
True
Does 3 divide 205152233?
False
Is 5732966 a multiple of 94?
True
Is 110089424 a multiple of 3508?
False
Is 508 a factor of 6852412?
True
Is 5 a factor of 23510363?
False
Is 14 a factor of 154223593?
False
Is 148373613 a multiple of 711?
True
Is 56 a factor of 624783600?
True
Is 20 a factor of 693732691?
False
Does 99 divide 1514184903?
True
Is 33 a factor of 63095899?
False
Does 26 divide 2621071986?
True
Is 1159 a factor of 243373853?
False
Is 14 a factor of 941034612?
True
Is 1566 a factor of 677653614?
True
Is 145046227 a multiple of 4855?
False
Is 58 a factor of 36926911?
False
Is 110835309 a multiple of 99?
False
Is 18618352 a multiple of 248?
True
Is 83 a factor of 1867803537?
False
Does 104 divide 3623984?
True
Is 14 a factor of 283124688?
True
Is 82080827 a multiple of 166?
False
Is 54625545 a multiple of 117?
True
Does 22 divide 2936544?
False
Is 211 a factor of 299449070?
False
Does 1173 divide 79535265?
True
Is 40 a factor of 31527535?
False
Does 13 divide 873760538?
False
Does 16 divide 452154912?
True
Is 27384524 a multiple of 7?
False
Is 98163101 a multiple of 167?
True
Does 61 divide 153919043?
True
Is 41 a factor of 1141296?
False
Is 34932301 a multiple of 659?
False
Is 62501917 a multiple of 37?
True
Is 3691520 a multiple of 103?
True
Does 297 divide 341810971?
False
Is 78 a factor of 43462224?
True
Does 31 divide 3950585502?
True
Is 98 a factor of 5980358?
False
Is 30778760 a multiple of 39?
False
Is 15 a factor of 15069150?
True
Is 7514420 a multiple of 545?
False
Is 3 a factor of 113612496?
True
Is 14935 a factor of 3335926405?
True
Does 726 divide 11772816?
True
Is 249 a factor of 263819260?
False
Is 132760404 a multiple of 669?
False
Is 3933 a factor of 231